{"id":735,"date":"2025-11-01T14:41:44","date_gmt":"2025-11-01T13:41:44","guid":{"rendered":"https:\/\/historoubaix.com\/?page_id=735"},"modified":"2025-12-08T16:17:25","modified_gmt":"2025-12-08T15:17:25","slug":"exposition-velo-gruson","status":"publish","type":"page","link":"https:\/\/historoubaix.com\/index.php\/exposition-velo-gruson\/","title":{"rendered":"Exposition Gruson"},"content":{"rendered":"\n<div class=\"wp-block-cover alignfull\" style=\"min-height:185px;aspect-ratio:unset;\"><span aria-hidden=\"true\" class=\"wp-block-cover__background has-nv-site-bg-background-color has-background-dim-100 has-background-dim\"><\/span><div class=\"wp-block-cover__inner-container is-layout-flow wp-block-cover-is-layout-flow\">\n<div class=\"wp-block-group\"><div class=\"wp-block-group__inner-container is-layout-flow wp-block-group-is-layout-flow\">\n<h1 class=\"wp-block-heading has-text-align-left has-neve-text-color-color has-text-color\">Exposition Gruson<\/h1>\n<\/div><\/div>\n<\/div><\/div>\n\n\n\n<div class=\"wp-block-cover alignfull\" style=\"min-height:645px;aspect-ratio:unset;\"><span aria-hidden=\"true\" class=\"wp-block-cover__background has-nv-light-bg-background-color has-background-dim-100 has-background-dim\"><\/span><div class=\"wp-block-cover__inner-container is-layout-flow wp-block-cover-is-layout-flow\">\n<div style=\"height:20px\" aria-hidden=\"true\" class=\"wp-block-spacer\"><\/div>\n\n\n\n<div class=\"wp-block-group\"><div class=\"wp-block-group__inner-container is-layout-flow wp-block-group-is-layout-flow\">\n<div class=\"wp-block-columns is-layout-flex wp-container-core-columns-is-layout-9d6595d7 wp-block-columns-is-layout-flex\">\n<div class=\"wp-block-column is-layout-flow wp-block-column-is-layout-flow\" style=\"flex-basis:60%\">\n<figure class=\"wp-block-image size-large is-resized has-custom-border is-style-rounded\" id=\"wp-block-themeisle-blocks-image-59fd18f9\"><img loading=\"lazy\" decoding=\"async\" width=\"1024\" height=\"768\" src=\"https:\/\/historoubaix.com\/wp-content\/uploads\/2025\/12\/20250413_132021-1024x768.jpg\" alt=\"\" class=\"has-border-color wp-image-915\" style=\"border-color:var(--nv-text-dark-bg);border-width:2px;border-radius:15px;width:666px;height:auto\" srcset=\"https:\/\/historoubaix.com\/wp-content\/uploads\/2025\/12\/20250413_132021-1024x768.jpg 1024w, https:\/\/historoubaix.com\/wp-content\/uploads\/2025\/12\/20250413_132021-300x225.jpg 300w, https:\/\/historoubaix.com\/wp-content\/uploads\/2025\/12\/20250413_132021-768x576.jpg 768w, https:\/\/historoubaix.com\/wp-content\/uploads\/2025\/12\/20250413_132021-1536x1152.jpg 1536w, https:\/\/historoubaix.com\/wp-content\/uploads\/2025\/12\/20250413_132021-2048x1536.jpg 2048w\" sizes=\"auto, (max-width: 1024px) 100vw, 1024px\" \/><\/figure>\n<\/div>\n\n\n\n<div class=\"wp-block-column ticss-6b7d97b9 is-layout-flow wp-block-column-is-layout-flow\" style=\"flex-basis:40%\">\n<h2 class=\"wp-block-heading has-neve-text-color-color has-text-color has-link-color wp-elements-ddb60e71cd6bc4f30d39074665f14827\" style=\"font-size:35px\">Gruson : une exposition d\u00e9di\u00e9e \u00e0 l\u2019histoire de Paris-Roubaix<\/h2>\n\n\n\n<p class=\"ticss-fbec35b1 has-neve-text-color-color has-text-color has-link-color wp-elements-e184c6d0213293fd1ed27a9df8a93369\">L\u2019exposition pr\u00e9sent\u00e9e \u00e0 Gruson met en valeur l\u2019h\u00e9ritage culturel et sportif de <strong>Paris-Roubaix<\/strong>, l\u2019une des plus anciennes et c\u00e9l\u00e8bres classiques cyclistes, disput\u00e9e depuis 1896. Le village, situ\u00e9 sur le parcours et proche de plusieurs secteurs pav\u00e9s embl\u00e9matiques, s\u2019est progressivement affirm\u00e9 comme un lieu de m\u00e9moire de la course. L\u2019\u00e9v\u00e9nement, port\u00e9 par <strong>Les Amis de Paris-Roubaix<\/strong>, s\u2019inscrit dans la continuit\u00e9 des actions men\u00e9es pour pr\u00e9server et restaurer les pav\u00e9s historiques, ainsi que pour transmettre la connaissance du patrimoine li\u00e9 \u00e0 la course.<\/p>\n<\/div>\n<\/div>\n<\/div><\/div>\n<\/div><\/div>\n\n\n\n<div class=\"wp-block-cover alignfull\" style=\"min-height:600px;aspect-ratio:unset;\"><span aria-hidden=\"true\" class=\"wp-block-cover__background has-nv-site-bg-background-color has-background-dim-100 has-background-dim\"><\/span><div class=\"wp-block-cover__inner-container is-layout-flow wp-block-cover-is-layout-flow\">\n<div class=\"wp-block-group\"><div class=\"wp-block-group__inner-container is-layout-flow wp-block-group-is-layout-flow\">\n<div style=\"height:80px\" aria-hidden=\"true\" class=\"wp-block-spacer\"><\/div>\n\n\n\n<h2 class=\"wp-block-heading has-neve-text-color-color has-text-color\">L\u2019exposition en images<\/h2>\n\n\n\n<div style=\"height:20px\" aria-hidden=\"true\" class=\"wp-block-spacer\"><\/div>\n\n\n\n<div class=\"wp-block-columns are-vertically-aligned-center is-layout-flex wp-container-core-columns-is-layout-9d6595d7 wp-block-columns-is-layout-flex\">\n<div class=\"wp-block-column is-vertically-aligned-center is-layout-flow wp-block-column-is-layout-flow\" style=\"flex-basis:50%\">\n<figure class=\"wp-block-image size-large has-custom-border is-style-rounded\" id=\"wp-block-themeisle-blocks-image-1d4dadf8\"><img loading=\"lazy\" decoding=\"async\" width=\"1024\" height=\"768\" src=\"https:\/\/historoubaix.com\/wp-content\/uploads\/2025\/12\/20250411_153406-1024x768.jpg\" alt=\"\" class=\"has-border-color wp-image-916\" style=\"border-color:var(--nv-text-dark-bg);border-width:2px;border-radius:15px\" srcset=\"https:\/\/historoubaix.com\/wp-content\/uploads\/2025\/12\/20250411_153406-1024x768.jpg 1024w, https:\/\/historoubaix.com\/wp-content\/uploads\/2025\/12\/20250411_153406-300x225.jpg 300w, https:\/\/historoubaix.com\/wp-content\/uploads\/2025\/12\/20250411_153406-768x576.jpg 768w, https:\/\/historoubaix.com\/wp-content\/uploads\/2025\/12\/20250411_153406-1536x1152.jpg 1536w, https:\/\/historoubaix.com\/wp-content\/uploads\/2025\/12\/20250411_153406-2048x1536.jpg 2048w\" sizes=\"auto, (max-width: 1024px) 100vw, 1024px\" \/><\/figure>\n\n\n\n<div style=\"height:15px\" aria-hidden=\"true\" class=\"wp-block-spacer\"><\/div>\n\n\n\n<figure class=\"wp-block-image size-large has-custom-border is-style-rounded\" id=\"wp-block-themeisle-blocks-image-f0274b0e\"><img loading=\"lazy\" decoding=\"async\" width=\"1024\" height=\"768\" src=\"https:\/\/historoubaix.com\/wp-content\/uploads\/2025\/12\/20250412_125725-1024x768.jpg\" alt=\"\" class=\"has-border-color wp-image-922\" style=\"border-color:var(--nv-text-dark-bg);border-width:2px;border-radius:15px\" srcset=\"https:\/\/historoubaix.com\/wp-content\/uploads\/2025\/12\/20250412_125725-1024x768.jpg 1024w, https:\/\/historoubaix.com\/wp-content\/uploads\/2025\/12\/20250412_125725-300x225.jpg 300w, https:\/\/historoubaix.com\/wp-content\/uploads\/2025\/12\/20250412_125725-768x576.jpg 768w, https:\/\/historoubaix.com\/wp-content\/uploads\/2025\/12\/20250412_125725-1536x1152.jpg 1536w, https:\/\/historoubaix.com\/wp-content\/uploads\/2025\/12\/20250412_125725-2048x1536.jpg 2048w\" sizes=\"auto, (max-width: 1024px) 100vw, 1024px\" \/><\/figure>\n\n\n\n<div style=\"height:15px\" aria-hidden=\"true\" class=\"wp-block-spacer\"><\/div>\n\n\n\n<figure class=\"wp-block-image size-large has-custom-border is-style-rounded\" id=\"wp-block-themeisle-blocks-image-767a3742\"><img loading=\"lazy\" decoding=\"async\" width=\"1024\" height=\"768\" src=\"https:\/\/historoubaix.com\/wp-content\/uploads\/2025\/12\/20250413_132047-1024x768.jpg\" alt=\"\" class=\"has-border-color wp-image-923\" style=\"border-color:var(--nv-text-dark-bg);border-width:2px;border-radius:15px\" srcset=\"https:\/\/historoubaix.com\/wp-content\/uploads\/2025\/12\/20250413_132047-1024x768.jpg 1024w, https:\/\/historoubaix.com\/wp-content\/uploads\/2025\/12\/20250413_132047-300x225.jpg 300w, https:\/\/historoubaix.com\/wp-content\/uploads\/2025\/12\/20250413_132047-768x576.jpg 768w, https:\/\/historoubaix.com\/wp-content\/uploads\/2025\/12\/20250413_132047-1536x1152.jpg 1536w, https:\/\/historoubaix.com\/wp-content\/uploads\/2025\/12\/20250413_132047-2048x1536.jpg 2048w\" sizes=\"auto, (max-width: 1024px) 100vw, 1024px\" \/><\/figure>\n\n\n\n<div style=\"height:40px\" aria-hidden=\"true\" class=\"wp-block-spacer\"><\/div>\n<\/div>\n\n\n\n<div class=\"wp-block-column is-vertically-aligned-center is-layout-flow wp-block-column-is-layout-flow\" style=\"flex-basis:50%\">\n<figure class=\"wp-block-image size-large has-custom-border is-style-rounded\" id=\"wp-block-themeisle-blocks-image-ef7d311a\"><img loading=\"lazy\" decoding=\"async\" width=\"1024\" height=\"768\" src=\"https:\/\/historoubaix.com\/wp-content\/uploads\/2025\/12\/20250412_125707-1024x768.jpg\" alt=\"\" class=\"has-border-color wp-image-920\" style=\"border-color:var(--nv-text-dark-bg);border-width:2px;border-radius:15px\" srcset=\"https:\/\/historoubaix.com\/wp-content\/uploads\/2025\/12\/20250412_125707-1024x768.jpg 1024w, https:\/\/historoubaix.com\/wp-content\/uploads\/2025\/12\/20250412_125707-300x225.jpg 300w, https:\/\/historoubaix.com\/wp-content\/uploads\/2025\/12\/20250412_125707-768x576.jpg 768w, https:\/\/historoubaix.com\/wp-content\/uploads\/2025\/12\/20250412_125707-1536x1152.jpg 1536w, https:\/\/historoubaix.com\/wp-content\/uploads\/2025\/12\/20250412_125707-2048x1536.jpg 2048w\" sizes=\"auto, (max-width: 1024px) 100vw, 1024px\" \/><\/figure>\n\n\n\n<div style=\"height:15px\" aria-hidden=\"true\" class=\"wp-block-spacer\"><\/div>\n\n\n\n<figure class=\"wp-block-image size-large has-custom-border is-style-rounded\" id=\"wp-block-themeisle-blocks-image-f0c6917d\"><img loading=\"lazy\" decoding=\"async\" width=\"768\" height=\"1024\" src=\"https:\/\/historoubaix.com\/wp-content\/uploads\/2025\/12\/20250411_153428-768x1024.jpg\" alt=\"\" class=\"has-border-color wp-image-918\" style=\"border-color:var(--nv-text-dark-bg);border-width:2px;border-radius:15px\" srcset=\"https:\/\/historoubaix.com\/wp-content\/uploads\/2025\/12\/20250411_153428-768x1024.jpg 768w, https:\/\/historoubaix.com\/wp-content\/uploads\/2025\/12\/20250411_153428-225x300.jpg 225w, https:\/\/historoubaix.com\/wp-content\/uploads\/2025\/12\/20250411_153428-1152x1536.jpg 1152w, https:\/\/historoubaix.com\/wp-content\/uploads\/2025\/12\/20250411_153428-1536x2048.jpg 1536w, https:\/\/historoubaix.com\/wp-content\/uploads\/2025\/12\/20250411_153428-scaled.jpg 1920w\" sizes=\"auto, (max-width: 768px) 100vw, 768px\" \/><\/figure>\n\n\n\n<div style=\"height:15px\" aria-hidden=\"true\" class=\"wp-block-spacer\"><\/div>\n\n\n\n<figure class=\"wp-block-image size-large has-custom-border is-style-rounded\" id=\"wp-block-themeisle-blocks-image-6f74177f\"><img loading=\"lazy\" decoding=\"async\" width=\"1024\" height=\"768\" src=\"https:\/\/historoubaix.com\/wp-content\/uploads\/2025\/12\/20250413_132036-1024x768.jpg\" alt=\"\" class=\"has-border-color wp-image-924\" style=\"border-color:var(--nv-text-dark-bg);border-width:2px;border-radius:15px\" srcset=\"https:\/\/historoubaix.com\/wp-content\/uploads\/2025\/12\/20250413_132036-1024x768.jpg 1024w, https:\/\/historoubaix.com\/wp-content\/uploads\/2025\/12\/20250413_132036-300x225.jpg 300w, https:\/\/historoubaix.com\/wp-content\/uploads\/2025\/12\/20250413_132036-768x576.jpg 768w, https:\/\/historoubaix.com\/wp-content\/uploads\/2025\/12\/20250413_132036-1536x1152.jpg 1536w, https:\/\/historoubaix.com\/wp-content\/uploads\/2025\/12\/20250413_132036-2048x1536.jpg 2048w\" sizes=\"auto, (max-width: 1024px) 100vw, 1024px\" \/><\/figure>\n\n\n\n<div style=\"height:40px\" aria-hidden=\"true\" class=\"wp-block-spacer\"><\/div>\n<\/div>\n<\/div>\n\n\n\n<div style=\"height:40px\" aria-hidden=\"true\" class=\"wp-block-spacer\"><\/div>\n<\/div><\/div>\n<\/div><\/div>\n\n\n\n<div class=\"wp-block-cover alignfull\" style=\"min-height:300px;aspect-ratio:unset;\"><span aria-hidden=\"true\" class=\"wp-block-cover__background has-nv-dark-bg-background-color has-background-dim-100 has-background-dim\"><\/span><div class=\"wp-block-cover__inner-container is-layout-flow wp-block-cover-is-layout-flow\">\n<div style=\"height:140px\" aria-hidden=\"true\" class=\"wp-block-spacer\"><\/div>\n\n\n\n<h2 class=\"wp-block-heading has-text-align-center has-nv-text-dark-bg-color has-text-color\">\u00ab Votre projet m\u00e9rite une exposition \u00bb<\/h2>\n\n\n\n<p class=\"has-text-align-center\">De la conception \u00e0 la pr\u00e9sentation, nous vous accompagnons \u00e0 chaque \u00e9tape.<\/p>\n\n\n\n<div class=\"wp-block-buttons is-horizontal is-content-justification-center is-layout-flex wp-container-core-buttons-is-layout-499968f5 wp-block-buttons-is-layout-flex\">\n<div class=\"wp-block-button is-style-primary\"><a class=\"wp-block-button__link wp-element-button\" href=\"https:\/\/historoubaix.com\/index.php\/contact-historoubaix\">Contactez-nous<\/a><\/div>\n<\/div>\n\n\n\n<div style=\"height:140px\" aria-hidden=\"true\" class=\"wp-block-spacer\"><\/div>\n<\/div><\/div>\n","protected":false},"excerpt":{"rendered":"","protected":false},"author":1,"featured_media":0,"parent":0,"menu_order":0,"comment_status":"closed","ping_status":"closed","template":"","meta":{"neve_meta_sidebar":"default","neve_meta_container":"","neve_meta_enable_content_width":"on","neve_meta_content_width":100,"neve_meta_title_alignment":"","neve_meta_author_avatar":"","neve_post_elements_order":"","neve_meta_disable_header":"","neve_meta_disable_footer":"","neve_meta_disable_title":"on","_themeisle_gutenberg_block_has_review":false,"footnotes":""},"class_list":["post-735","page","type-page","status-publish","hentry"],"_links":{"self":[{"href":"https:\/\/historoubaix.com\/index.php\/wp-json\/wp\/v2\/pages\/735","targetHints":{"allow":["GET"]}}],"collection":[{"href":"https:\/\/historoubaix.com\/index.php\/wp-json\/wp\/v2\/pages"}],"about":[{"href":"https:\/\/historoubaix.com\/index.php\/wp-json\/wp\/v2\/types\/page"}],"author":[{"embeddable":true,"href":"https:\/\/historoubaix.com\/index.php\/wp-json\/wp\/v2\/users\/1"}],"replies":[{"embeddable":true,"href":"https:\/\/historoubaix.com\/index.php\/wp-json\/wp\/v2\/comments?post=735"}],"version-history":[{"count":8,"href":"https:\/\/historoubaix.com\/index.php\/wp-json\/wp\/v2\/pages\/735\/revisions"}],"predecessor-version":[{"id":1149,"href":"https:\/\/historoubaix.com\/index.php\/wp-json\/wp\/v2\/pages\/735\/revisions\/1149"}],"wp:attachment":[{"href":"https:\/\/historoubaix.com\/index.php\/wp-json\/wp\/v2\/media?parent=735"}],"curies":[{"name":"wp","href":"https:\/\/api.w.org\/{rel}","templated":true}]}}